13*g - 283. Determine i(-19).
192
Let b(d) = -d**2 + 32*d - 195. Determine b(26).
-39
Let n(d) = -d**3 + 14*d**2 - 31*d - 48. Give n(7).
78
Let o(m) = m**3 + 60*m**2 + 82*m + 1363. What is o(-59)?
6
Let o(f) = 1269*f + 44397. Determine o(-35).
-18
Let v(m) = -724*m - 6533. Determine v(-9).
-17
Let w(s) = 378*s + 4916. Give w(-13).
2
Let a(z) = -163*z + 1614. Give a(10).
-16
Let t(q) = 73*q + 2956. Calculate t(-40).
36
Let j(r) = -r**2 - 27*r + 1521. What is j(-55)?
-19
Let d(i) = -164*i + 3123. Give d(19).
7
Let j(x) = -7*x**2 - 42*x + 643. Give j(7).
6
Let n(q) = -q**3 + 5*q**2 + 41*q + 440. Give n(12).
-76
Let j(q) = 348*q + 2763. Give j(-8).
-21
Let l(q) = -q**3 - 37*q**2 + 37*q - 74. Give l(-38).
-36
Let p(v) = -v**3 + 14*v**2 - 10*v - 13. Give p(13).
26
Let d(u) = -13*u**2 + 111*u + 8. What is d(9)?
-46
Let x(n) = n**2 + 52*n - 123. Determine x(3).
42
Let k(t) = -t**3 - 14*t**2 + 31*t + 67. Determine k(-16).
83
Let h(w) = -w**2 - 101*w - 2528. What is h(-54)?
10
Let f(q) = -88*q + 16202. Give f(184).
10
Let l(a) = 3*a**3 + 89*a**2 - 33*a - 100. What is l(-30)?
-10
Let j(y) = -y**2 + 544*y + 14251. Calculate j(-25).
26
Let v(c) = c**3 - 8*c**2 - 134*c + 1124. Calculate v(9).
-1
Let j(l) = -16*l + 90. Give j(6).
-6
Let w(o) = o + 41. Determine w(6).
47
Let t(v) = -6*v**2 + 372*v + 2887. What is t(69)?
-11
Let u(n) = 14*n**2 + 347*n - 50. Give u(-25).
25
Let t(o) = o**3 + 70*o**2 + 377*o - 10. Determine t(-6).
32
Let g(z) = -2*z - 94. Calculate g(-20).
-54
Let i(d) = -2*d**2 + 142*d - 17. Give i(71).
-17
Let a(o) = o**3 - 13*o**2 - 9*o + 260. Calculate a(12).
8
Let a(f) = f**3 - 20*f**2 + 73*f + 16. Give a(5).
6
Let j(q) = 9*q**2 - 225*q + 20. Determine j(25).
20
Let l(f) = -568*f + 14202. What is l(25)?
2
Let k(b) = 7*b**2 - 24*b - 150. Give k(-9).
633
Let a(n) = 266*n + 5578. Calculate a(-21).
-8
Let p(g) = -g**3 - 3*g**2 - 15*g - 99. What is p(-5)?
26
Let g(k) = 16*k**2 - 4*k - 11. Give g(1).
1
Let s(v) = -3*v**3 + 72*v**2 + 26*v - 631. Determine s(24).
-7
Let i(b) = 47*b + 16. What is i(-2)?
-78
Let c(o) = -17*o - 71. Calculate c(-5).
14
Let a(y) = -y**2 + 279*y + 1370. Determine a(-5).
-50
Let n(y) = -y**3 - 20*y**2 + 13*y - 188. Calculate n(-21).
-20
Let d(o) = -692*o + 1384. Calculate d(2).
0
Let p(t) = t**3 + 12*t**2 - 680*t - 274. Give p(21).
-1
Let k(v) = 15082*v - 120660. Calculate k(8).
-4
Let r(t) = 3*t**2 + 91*t + 643. Determine r(-19).
-3
Let z(s) = -s**3 - 18*s**2 + 108*s - 883. Give z(-24).
-19
Let g(y) = -112*y - 1114. Give g(-10).
6
Let c(s) = 117*s**2 - 578*s + 2. Give c(5).
37
Let f(j) = -22*j**2 + 120*j + 59. Calculate f(6).
-13
Let m(p) = 319*p + 35082. What is m(-110)?
-8
Let s(y) = y**3 - 27*y**2 + 179*y + 26. Give s(15).
11
Let d(y) = -5*y**2 + 122*y - 722. What is d(14)?
6
Let c(n) = n**2 - 2066*n + 34842. What is c(17)?
9
Let j(a) = a**3 - 41*a**2 - 9*a + 345. Give j(41).
-24
Let x(j) = -8*j**2 - 5*j + 16. Give x(3).
-71
Let r(q) = -106*q + 2014. Calculate r(19).
0
Let i(k) = -783*k - 10189. Determine i(-13).
-10
Let l(c) = -4*c**3 - 35*c**2 + 14*c + 18. Calculate l(-9).
-27
Let l(u) = -u**3 - 4*u**2 + 43*u - 5. Determine l(5).
-15
Let k(b) = 349*b - 1745. Determine k(5).
0
Let r(k) = -406*k + 10560. Determine r(26).
4
Let q(c) = 10*c - 322. Calculate q(9).
-232
Let m(w) = -w**3 + 36*w - 12. Calculate m(-7).
79
Let o(v) = v**2 + 52*v + 627. Calculate o(-19).
0
Let i(z) = 17621*z - 70476. Determine i(4).
8
Let s(x) = x**3 + 7*x**2 + 13*x + 3. Give s(-5).
-12
Let t(z) = -62*z**2 + 5*z + 2. Determine t(1).
-55
Let t(l) = -l**3 - 4*l**2 + 3*l + 11. Calculate t(-6).
65
Let q(r) = -r**2 + 169*r + 1634. Calculate q(-9).
32
Let h(c) = 5*c**3 + 993*c**2 - 402*c - 802. What is h(-199)?
-6
Let r(o) = -12*o**3 + o**2 + 8*o + 16. What is r(-2)?
100
Let t(c) = 50*c - 402. Give t(9).
48
Let r(p) = -p**3 + 4*p**2 - 6*p + 26. Determine r(7).
-163
Let z(x) = x**2 - 37*x + 171. Give z(28).
-81
Let m(o) = -o**2 - 12*o + 63. Give m(-18).
-45
Let z(s) = -94*s - 38. Give z(-1).
56
Let q(z) = -78*z - 166. Determine q(9).
-868
Let g(i) = -325*i - 970. What is g(-3)?
5
Let l(m) = 3120*m + 31210. Determine l(-10).
10
Let x(y) = -309*y - 1137. Calculate x(-4).
99
Let p(b) = -9*b**3 - 242*b**2 - 649*b - 7. Determine p(-3).
5
Let f(y) = -38*y + 47. What is f(-10)?
427
Let s(f) = 18*f + 768. Determine s(-43).
-6
Let f(b) = b**3 + 17*b**2 - 16*b + 73. Give f(-17).
345
Let f(c) = -6*c + 102. Give f(-17).
204
Let n(o) = -22*o + 63. Determine n(5).
-47
Let h(m) = 2*m**2 - 93*m + 136. Calculate h(39).
-449
Let j(z) = z**2 - 1026*z + 5111. Determine j(5).
6
Let x(k) = -k**3 + 36*k**2 + 40*k - 2620. Give x(35).
5
Let h(d) = 256*d - 3319. Calculate h(13).
9
Let l(p) = -2*p**3 - 25*p**2 + 26*p - 54. Calculate l(-13).
-223
Let w(i) = 163*i + 2149. Give w(-13).
30
Let n(j) = -8*j**2 - 45*j - 6. Calculate n(-6).
-24
Let w(c) = 14*c + 204. Give w(-15).
-6
Let m(t) = t**3 - 16*t**2 + 20*t - 281. Calculate m(16).
39
Let b(r) = 4*r + 200. What is b(0)?
200
Let t(g) = 5*g**2 - 236*g + 40. Determine t(47).
-7
Let f(c) = -c**3 - 13*c**2 + 29*c + 14. Determine f(-15).
29
Let n(y) = -y**2 - 163*y - 6255. Give n(-62).
7
Let a(b) = -25*b - 314. Give a(-13).
11
Let z(w) = -3*w**3 - 74*w**2 - 28*w + 474. Determine z(-24).
-6
Let b(g) = -g**3 + 13*g**2 - 19*g - 70. Determine b(11).
-37
Let d(s) = 15*s**2 - 13*s + 70. Give d(6).
532
Let z(c) = 38*c + 104. Give z(-3).
-10
Let s(x) = 22*x + 73. What is s(-1)?
51
Let c(u) = 10157*u - 50756. Give c(5).
29
Let s(k) = 339*k - 10168. Calculate s(30).
2
Let v(f) = -4*f**2 - 2*f + 197. Give v(0).
197
Let j(a) = 3*a**2 - 16*a - 235. Give j(12).
5
Let d(h) = h**3 - 75*h**2 - 156*h + 95. Determine d(77).
-59
Let u(b) = b**3 - 48*b**2 + 75*b + 534. Give u(46).
-248
Let o(t) = -189*t - 1506. What is o(-7)?
-183
Let i(a) = 39*a + 144. Calculate i(-5).
-51
Let k(q) = -2*q**3 + 24*q**2 + 115*q - 1330. Give k(11).
177
Let j(o) = -o**3 + 5*o + 21. Calculate j(0).
21
Let b(d) = 178*d + 34511. Calculate b(-194).
-21
Let j(w) = -622*w + 17363. Determine j(28).
-53
Let r(v) = -v**3 - 6*v**2 + 97*v + 3. Determine r(-12).
-297
Let a(n) = n**3 + 32*n**2 + 31*n + 6. Give a(-31).
6
Let i(s) = 21*s - 355. Determine i(17).
2
Let o(z) = 270*z + 1856. What is o(-7)?
-34
Let m(t) = -t**3 + 8*t**2 + 6*t + 23. Calculate m(10).
-117
Let x(c) = -c**3 + 5*c**2 + 5*c + 22. Give x(5).
47
Let n(k) = 2*k**2 + 4*k. What is n(-7)?
70
Let z(j) = j**3 - 40*j**2 + 228*j - 112. Give z(33).
-211
Let i(x) = 357*x - 6423. Determine i(18).
3
Let n(l) = l**2 + 26*l + 40. Determine n(-16).
-120
Let v(d) = 44*d + 252. Give v(-5).
32
Let c(t) = 120*t**2 - 247*t + 5. Give c(2).
-9
Let f(d) = -12*d**3 - 2*d**2 - 12*d - 10. What is f(-2)?
102
Let r(n) = -n**3 + 10*n**2 - 19*n - 8. Give r(9).
-98
Let p(w) = -2*w**3 - 69*w**2 + 33*w - 75. What is p(-35)?
-5
Let h(i) = i**3 + 25*i**2 - 94*i + 8. Give h(-28).
288
Let u(b) = 3*b - 259. Give u(-5).
-274
Let a(z) = 9*z**2 + 498*z - 328. What is a(-56)?
8
Let u(h) = -h**3 - 11*h**2 + 68*h + 59. Give u(-13).
-487
Let c(h) = -h**3 + 7*h**2 + 9*h + 80. Calculate c(9).
-1
Let f(m) = m**2 + 145*m - 1885. Give f(12).
-1
Let t(j) = 4*j - 174. Calculate t(39).
-18
Let g(p) = -32*p - 13. Give g(1).
-45
Let b(o) = -2*o**2 - 81*o - 708. Give b(-28).
-8
Let d(w) = 8*w - 306. Give d(18).
-162
Let r(w) = -w**2 - 177*w + 704. Give r(4).
-20
Let c(j) = -j**2 - 21*j - 156. Determine c(-9).
-48
Let k(a) = 2*a**3 - 101*a**2 + 105*a - 7983. Determine k(51).
-27
Let m(w) = 4*w**2 + 123*w - 82. Give m(-33).
215
Let f(o) = o**3 - 30*o**2 + 43*o - 396. Determine f(29).
10
Let h(t) = 6*t**2 - 318*t + 1167. Calculate h(49).
-9
Let k(s) = s**3 + 12*s**2 + 16*s - 66. Give k(-9).
33
Let g(z) = -2*z**3 + 4*z**2 - 14*z + 13. Determine g(4).
-107
Let m(f) = 2*f**2 - 99*f + 207. What is m(47)?
-28
Let c(l) = 221*l + 2456. What is c(-11)?
25
Let o(w) = -20*w - 279. Calculate o(-4).
-199
Let q(a) = 847*a - 1712. What is q(2)?
-18
Let y(v) = 18*v - 542. What is y(11)?
-344
Let v(m) = -87*m + 689. Determine v(6).
167
Let l(o) = -o**3 - 49*o**2 - 95*o - 45. Give l(-47).
2
Let p(m) = -61*m**2 - 239*m + 473. Calculate p(2).
-249
Let y(n) = 13*n**2 - 465*n - 104. What is y(36)?
4
Let r(o) = o**3 + 28*o**2 - 11*o - 163. Give r(-28).
145
Let k(b) = b**2 + 237*b - 2450. Dete